{"id":209,"date":"2022-06-20T19:04:24","date_gmt":"2022-06-20T19:04:24","guid":{"rendered":"https:\/\/mlfoto.fi\/?page_id=209"},"modified":"2025-02-15T21:39:31","modified_gmt":"2025-02-15T21:39:31","slug":"retket","status":"publish","type":"page","link":"https:\/\/mlfoto.fi\/index.php\/retket\/","title":{"rendered":"Karhunkierros 3 p\u00e4iv\u00e4ss\u00e4"},"content":{"rendered":"\n<h3 class=\"wp-block-heading\">Karhunkierros 80 km<\/h3>\n\n\n\n<p>Suomen suosituin ja kuuluisin vaellusreitti l\u00f6ytyy Kuusamosta. Oulangan kansallispuistossa ja Rukan ymp\u00e4rist\u00f6ss\u00e4 kiert\u00e4v\u00e4lle noin 80 km pituiselle Karhunkierrokselle voi l\u00e4hte\u00e4 joko Hautaj\u00e4rvelt\u00e4 kohti Rukan kyl\u00e4\u00e4 tai toisinp\u00e4in.\u00a0Koko reitin vaeltaminen kest\u00e4\u00e4 3-7 p\u00e4iv\u00e4\u00e4 vaeltajan kunnosta riippuen.<\/p>\n\n\n\n<p>Karhunkierrosreitti on merkitty selv\u00e4sti maastoon oranssinv\u00e4risin maalimerkein ja opasteviitoin, joten eksymisvaaraa ei ole. (Pieni Karhunkierros on merkitty maastoon vihrein maalimerkein ja opastein). Karhunkierros kulkee p\u00e4\u00e4osin\u00a0<a rel=\"noreferrer noopener\" href=\"http:\/\/www.luontoon.fi\/oulanka\" target=\"_blank\">Oulangan kansallispuistossa<\/a>: asumattomissa, er\u00e4maisissa luonnonmetsiss\u00e4 vesist\u00f6j\u00e4 seuraten. Korkeuserot ovat melko suuria ja koko reitin vaeltaminen vaatii hyv\u00e4\u00e4 kuntoa ja retkeilykokemusta.<\/p>\n\n\n\n<h5 class=\"wp-block-heading\">OSA KANSALLISMAISEMAAMME<\/h5>\n\n\n\n<p>Karhunkierroksen maisemille ovat luonteenomaisia korkeat mets\u00e4iset vaarat, syviss\u00e4 kuruissa virtaavat koskiset joet, jylh\u00e4t rantakalliot, harjut ja m\u00e4ntykankaat.&nbsp;Arvokkaan luonnon kulumisen est\u00e4miseksi retkeilij\u00f6iden toivotaan pysyv\u00e4n merkityll\u00e4 reitill\u00e4. Kulkemista helpottamaan on rakennettu pitkospuita ja riippusiltoja.<\/p>\n\n\n\n<p>Y\u00f6pymist\u00e4 varten reitin varrella on lukuisia autiotupia ja laavuja sopivien vaellusmatkojen v\u00e4lein.<\/p>\n\n\n\n<p>Tulentekopaikat on merkitty selke\u00e4sti maastoon. Juomavesi kannattaa aina keitt\u00e4\u00e4 (suolampien vett\u00e4 ei suositella k\u00e4ytett\u00e4v\u00e4ksi) tai ottaa pulloihin mukaan asiakaspalvelupisteist\u00e4.<\/p>\n\n\n\n<h5 class=\"wp-block-heading\">LUONTON\u00c4HT\u00c4VYYDET<\/h5>\n\n\n\n<p>Karhunkierroksen varrella on monia merkitt\u00e4vi\u00e4 luonnonn\u00e4ht\u00e4vyyksi\u00e4. Reitin etel\u00e4osassa voit ihailla avaria n\u00e4kymi\u00e4 Rukan, Valtavaaran ja Konttaisen rinne- ja lakipoluilta. Niit\u00e4 seuraavat etel\u00e4st\u00e4 lukien koskipaikkoina tunnetut Jyr\u00e4v\u00e4, Aallokkokoski, Myllykoski, Kiutak\u00f6ng\u00e4s ja Taivalk\u00f6ng\u00e4s. Matkan jatkuessa n\u00e4ht\u00e4vyyksi\u00e4 reitin varrella ovat &nbsp;Ristikallion n\u00e4k\u00f6alapaikka, Savinajoen laakso ja Oulangan kanjoni sek\u00e4 Rupakivi. Reitin pohjoisp\u00e4\u00e4st\u00e4 Hautaj\u00e4rvelt\u00e4 erkanee Sallan UKK-reitti pohjoiseen.<\/p>\n\n\n\n<p>L\u00e4hde http:\/\/www.luontoon.fi<\/p>\n\n\n\n<h2 class=\"wp-block-heading\">Karhunkierros kolmessa p\u00e4iv\u00e4ss\u00e4. <\/h2>\n\n\n\n<h2 class=\"wp-block-heading\">N\u00e4in etenimme<\/h2>\n\n\n\n<h4 class=\"wp-block-heading\">Ajankohta syyskuun puoliv\u00e4li.<\/h4>\n\n\n\n<p><strong>1. P\u00e4iv\u00e4<\/strong><\/p>\n\n\n\n<h5 class=\"wp-block-heading\">Hautaj\u00e4rvi &#8211; Oulangan leirint\u00e4alue, 28 km (tekstien l\u00e4hde: www.luontoon.fi)<\/h5>\n\n\n\n<p>Pohjoisin Karhunkierroksen osuus l\u00e4htee Oulangan kansallispuiston pohjoisosasta Hautaj\u00e4rven kyl\u00e4st\u00e4 ja p\u00e4\u00e4ttyy <a href=\"http:\/\/www.luontoon.fi\/oulanganluontokeskus\">Oulangan luontokeskukselle<\/a> Liikasenvaarantien varteen. Reitti kulkee enimm\u00e4kseen kuivassa kangasmaastossa, mutta matkan varrella voi ihailla paikka paikoin my\u00f6s kallioita, rotkoja ja runsaita lehtoja. Oulankajoki ylitet\u00e4\u00e4n Savilammen ja Taivalk\u00f6nk\u00e4\u00e4n kohdalla riippusilloilla. Osuus on helppokulkuinen ja sen ohjeellinen kulkuaika on noin 2 &#8211; 3 p\u00e4iv\u00e4\u00e4.<\/p>\n\n\n\n<div class=\"wp-block-group has-global-padding is-layout-constrained wp-block-group-is-layout-constrained\">\n<div class=\"wp-block-group has-global-padding is-layout-constrained wp-block-group-is-layout-constrained\">\n<figure class=\"wp-block-image size-large is-resized\"><img loading=\"lazy\" decoding=\"async\" width=\"768\" height=\"1024\" src=\"https:\/\/mlfoto.fi\/wp-content\/uploads\/2023\/10\/MLFoto-1010136-768x1024.jpg\" alt=\"\" class=\"wp-image-244\" style=\"aspect-ratio:0.75;width:260px;height:auto\" srcset=\"https:\/\/mlfoto.fi\/wp-content\/uploads\/2023\/10\/MLFoto-1010136-768x1024.jpg 768w, https:\/\/mlfoto.fi\/wp-content\/uploads\/2023\/10\/MLFoto-1010136-225x300.jpg 225w, https:\/\/mlfoto.fi\/wp-content\/uploads\/2023\/10\/MLFoto-1010136-1152x1536.jpg 1152w, https:\/\/mlfoto.fi\/wp-content\/uploads\/2023\/10\/MLFoto-1010136.jpg 1440w\" sizes=\"auto, (max-width: 768px) 100vw, 768px\" \/><\/figure>\n<\/div>\n<\/div>\n\n\n\n<p>Hautaj\u00e4rvelt\u00e4 l\u00e4hdett\u00e4ess\u00e4 ensimm\u00e4inen taukopaikka on Perttumakosken laavu noin 7 km Hautaj\u00e4rvelt\u00e4. Seuraavalle Vasaj\u00e4ng\u00e4nojan laavulle on matkaa 6 km ja sit\u00e4 ennen on yksi Oulangan kansallispuiston n\u00e4ht\u00e4vyyksist\u00e4 Rupakivi.<\/p>\n\n\n\n<div class=\"wp-block-group has-global-padding is-layout-constrained wp-block-group-is-layout-constrained\">\n<figure class=\"wp-block-image size-large is-resized\"><img loading=\"lazy\" decoding=\"async\" width=\"768\" height=\"1024\" src=\"https:\/\/mlfoto.fi\/wp-content\/uploads\/2023\/10\/MLFoto-1010198-1-768x1024.jpg\" alt=\"\" class=\"wp-image-245\" style=\"aspect-ratio:0.75;width:258px;height:auto\" srcset=\"https:\/\/mlfoto.fi\/wp-content\/uploads\/2023\/10\/MLFoto-1010198-1-768x1024.jpg 768w, https:\/\/mlfoto.fi\/wp-content\/uploads\/2023\/10\/MLFoto-1010198-1-225x300.jpg 225w, https:\/\/mlfoto.fi\/wp-content\/uploads\/2023\/10\/MLFoto-1010198-1-1152x1536.jpg 1152w, https:\/\/mlfoto.fi\/wp-content\/uploads\/2023\/10\/MLFoto-1010198-1.jpg 1440w\" sizes=\"auto, (max-width: 768px) 100vw, 768px\" \/><\/figure>\n<\/div>\n\n\n\n<p class=\"has-text-align-left\">Noin puolimatkassa (15 km Hautaj\u00e4rvelt\u00e4), Oulankajoen rannalla sijaitsee <a href=\"http:\/\/www.luontoon.fi\/savilampiautiotupa\">Savilammen autiotupa<\/a> sek\u00e4 Oulangan kanjoni. Nelisen kilometri\u00e4 Savilammelta etel\u00e4\u00e4n Oulankajoen t\u00f6rm\u00e4ll\u00e4 on <a href=\"http:\/\/www.luontoon.fi\/taivalkongasautiotupa\">Taivalk\u00f6nk\u00e4\u00e4n autiotupa<\/a>. <\/p>\n\n\n\n<div class=\"wp-block-group has-global-padding is-layout-constrained wp-block-group-is-layout-constrained\">\n<figure class=\"wp-block-image size-large is-resized\"><img loading=\"lazy\" decoding=\"async\" width=\"768\" height=\"1024\" src=\"https:\/\/mlfoto.fi\/wp-content\/uploads\/2023\/10\/MLFoto-1010314-768x1024.jpg\" alt=\"\" class=\"wp-image-246\" style=\"aspect-ratio:0.75;width:262px;height:auto\" srcset=\"https:\/\/mlfoto.fi\/wp-content\/uploads\/2023\/10\/MLFoto-1010314-768x1024.jpg 768w, https:\/\/mlfoto.fi\/wp-content\/uploads\/2023\/10\/MLFoto-1010314-225x300.jpg 225w, https:\/\/mlfoto.fi\/wp-content\/uploads\/2023\/10\/MLFoto-1010314-1152x1536.jpg 1152w, https:\/\/mlfoto.fi\/wp-content\/uploads\/2023\/10\/MLFoto-1010314.jpg 1440w\" sizes=\"auto, (max-width: 768px) 100vw, 768px\" \/><\/figure>\n<\/div>\n\n\n\n<p><\/p>\n\n\n\n<p>Taivalk\u00f6nk\u00e4\u00e4lt\u00e4 reitti siirtyy Oulankajoen yli kahden riippusillan kautta. Siit\u00e4 eteenp\u00e4in taukopaikkoja osuudella ovat Runsulammen telttailualue sek\u00e4 osuuden p\u00e4\u00e4tepisteess\u00e4 <a href=\"http:\/\/www.luontoon.fi\/oulanka\/palvelut\/leirintaalue\">Oulangan leirint\u00e4alue<\/a> ja Oulangan luontokeskus.<\/p>\n\n\n\n<p><strong>2. p\u00e4iv\u00e4<\/strong><\/p>\n\n\n\n<h5 class=\"wp-block-heading\">Oulangan leirint\u00e4alue &#8211; Juuma, 31 km (tekstien l\u00e4hde: www.luontoon.fi)<\/h5>\n\n\n\n<div class=\"wp-block-columns is-layout-flex wp-container-core-columns-is-layout-28f84493 wp-block-columns-is-layout-flex\">\n<div class=\"wp-block-column is-layout-flow wp-block-column-is-layout-flow\">\n<div class=\"wp-block-group has-global-padding is-layout-constrained wp-block-group-is-layout-constrained\">\n<figure class=\"wp-block-image size-large\"><img loading=\"lazy\" decoding=\"async\" width=\"1024\" height=\"768\" src=\"https:\/\/mlfoto.fi\/wp-content\/uploads\/2023\/10\/MLFoto-1010367-1-1024x768.jpg\" alt=\"\" class=\"wp-image-249\" srcset=\"https:\/\/mlfoto.fi\/wp-content\/uploads\/2023\/10\/MLFoto-1010367-1-1024x768.jpg 1024w, https:\/\/mlfoto.fi\/wp-content\/uploads\/2023\/10\/MLFoto-1010367-1-300x225.jpg 300w, https:\/\/mlfoto.fi\/wp-content\/uploads\/2023\/10\/MLFoto-1010367-1-768x576.jpg 768w, https:\/\/mlfoto.fi\/wp-content\/uploads\/2023\/10\/MLFoto-1010367-1-1536x1152.jpg 1536w, https:\/\/mlfoto.fi\/wp-content\/uploads\/2023\/10\/MLFoto-1010367-1-1568x1176.jpg 1568w, https:\/\/mlfoto.fi\/wp-content\/uploads\/2023\/10\/MLFoto-1010367-1.jpg 1920w\" sizes=\"auto, (max-width: 1024px) 100vw, 1024px\" \/><\/figure>\n<\/div>\n<\/div>\n\n\n\n<div class=\"wp-block-column is-layout-flow wp-block-column-is-layout-flow\"><\/div>\n<\/div>\n\n\n\n<p>Retken voi aloittaa joko <a href=\"http:\/\/www.luontoon.fi\/oulanganluontokeskus\">Oulangan luontokeskukselta<\/a> tai <a href=\"http:\/\/www.luontoon.fi\/oulanka\/palvelut\/leirintaalue\">Oulangan leirint\u00e4alueelta<\/a>, joka sijaitsee noin 1\u00bd km luontokeskuksesta pohjoiseen. Osuuden vaativin v\u00e4li on P\u00e4\u00e4hk\u00e4n\u00e4kalliolta Kitkajokivarteen, josta jatketaan kiert\u00e4en Pient\u00e4 karhunkierrosta Juuman kyl\u00e4\u00e4n. My\u00f6s Pieni karhunkierros-reitti luokitellaan vaativaksi. Osuuden ohjeellinen kulkuaika on noin 2 p\u00e4iv\u00e4\u00e4, mutta pelkk\u00e4\u00e4n k\u00e4velyyn ilman taukoja menee noin 8-9 tuntia.<\/p>\n\n\n\n<div class=\"wp-block-group has-global-padding is-layout-constrained wp-block-group-is-layout-constrained\">\n<figure class=\"wp-block-image size-large is-resized\"><img loading=\"lazy\" decoding=\"async\" width=\"1024\" height=\"768\" src=\"https:\/\/mlfoto.fi\/wp-content\/uploads\/2023\/10\/MLFoto-1010498-1024x768.jpg\" alt=\"\" class=\"wp-image-250\" style=\"aspect-ratio:1.3333333333333333;width:488px;height:auto\" srcset=\"https:\/\/mlfoto.fi\/wp-content\/uploads\/2023\/10\/MLFoto-1010498-1024x768.jpg 1024w, https:\/\/mlfoto.fi\/wp-content\/uploads\/2023\/10\/MLFoto-1010498-300x225.jpg 300w, https:\/\/mlfoto.fi\/wp-content\/uploads\/2023\/10\/MLFoto-1010498-768x576.jpg 768w, https:\/\/mlfoto.fi\/wp-content\/uploads\/2023\/10\/MLFoto-1010498-1536x1152.jpg 1536w, https:\/\/mlfoto.fi\/wp-content\/uploads\/2023\/10\/MLFoto-1010498-1568x1176.jpg 1568w, https:\/\/mlfoto.fi\/wp-content\/uploads\/2023\/10\/MLFoto-1010498.jpg 1920w\" sizes=\"auto, (max-width: 1024px) 100vw, 1024px\" \/><\/figure>\n<\/div>\n\n\n\n<p>Reitin alkumatka luontokeskukselta Kiutak\u00f6nk\u00e4\u00e4lle on melko vaativa. T\u00e4m\u00e4n j\u00e4lkeen alkaa osuuden helppokulkuinen, mets\u00e4inen osuus, joka jatkuu aina <a href=\"http:\/\/www.luontoon.fi\/jussinkamppaautiotupa\">Jussink\u00e4mp\u00e4lle<\/a> saakka. Kiutak\u00f6nk\u00e4\u00e4lt\u00e4 reitti jatkuu ratisevan kuivia m\u00e4ntykankaita pitkin ja laskeutuu alas lehtopuron \u00e4\u00e4reen, josta jatketaan Oulankajokivartta uudelle <a href=\"http:\/\/www.luontoon.fi\/ansakamppaautiotupa\">Ansak\u00e4mp\u00e4lle<\/a>. Autiotuvalta reitti etenee kohti ns. Kitkanniemen aluetta seuraavalle tuvalle, Jussink\u00e4mp\u00e4lle, jonka j\u00e4lkeen seuraa reitin vaativin osuus: laskeutuminen P\u00e4\u00e4hk\u00e4n\u00e4kalliolta alas jyrkk\u00e4\u00e4 rinnett\u00e4, ja sen j\u00e4lkeen kulku Kitkajoen varren kivikkoista rantaa Juumaan.<\/p>\n\n\n\n<div class=\"wp-block-group has-global-padding is-layout-constrained wp-block-group-is-layout-constrained\">\n<figure class=\"wp-block-image size-large is-resized\"><img loading=\"lazy\" decoding=\"async\" width=\"1024\" height=\"768\" src=\"https:\/\/mlfoto.fi\/wp-content\/uploads\/2023\/10\/MLFoto-1010671-1024x768.jpg\" alt=\"\" class=\"wp-image-252\" style=\"aspect-ratio:1.3333333333333333;width:497px;height:auto\" srcset=\"https:\/\/mlfoto.fi\/wp-content\/uploads\/2023\/10\/MLFoto-1010671-1024x768.jpg 1024w, https:\/\/mlfoto.fi\/wp-content\/uploads\/2023\/10\/MLFoto-1010671-300x225.jpg 300w, https:\/\/mlfoto.fi\/wp-content\/uploads\/2023\/10\/MLFoto-1010671-768x576.jpg 768w, https:\/\/mlfoto.fi\/wp-content\/uploads\/2023\/10\/MLFoto-1010671-1536x1152.jpg 1536w, https:\/\/mlfoto.fi\/wp-content\/uploads\/2023\/10\/MLFoto-1010671-1568x1176.jpg 1568w, https:\/\/mlfoto.fi\/wp-content\/uploads\/2023\/10\/MLFoto-1010671.jpg 1920w\" sizes=\"auto, (max-width: 1024px) 100vw, 1024px\" \/><\/figure>\n<\/div>\n\n\n\n<div class=\"wp-block-group has-global-padding is-layout-constrained wp-block-group-is-layout-constrained\">\n<figure class=\"wp-block-image size-large is-resized\"><img loading=\"lazy\" decoding=\"async\" width=\"1024\" height=\"768\" src=\"https:\/\/mlfoto.fi\/wp-content\/uploads\/2023\/10\/MLFoto-1010692-1024x768.jpg\" alt=\"\" class=\"wp-image-251\" style=\"aspect-ratio:1.3333333333333333;width:494px;height:auto\" srcset=\"https:\/\/mlfoto.fi\/wp-content\/uploads\/2023\/10\/MLFoto-1010692-1024x768.jpg 1024w, https:\/\/mlfoto.fi\/wp-content\/uploads\/2023\/10\/MLFoto-1010692-300x225.jpg 300w, https:\/\/mlfoto.fi\/wp-content\/uploads\/2023\/10\/MLFoto-1010692-768x576.jpg 768w, https:\/\/mlfoto.fi\/wp-content\/uploads\/2023\/10\/MLFoto-1010692-1536x1152.jpg 1536w, https:\/\/mlfoto.fi\/wp-content\/uploads\/2023\/10\/MLFoto-1010692-1568x1176.jpg 1568w, https:\/\/mlfoto.fi\/wp-content\/uploads\/2023\/10\/MLFoto-1010692.jpg 1920w\" sizes=\"auto, (max-width: 1024px) 100vw, 1024px\" \/><\/figure>\n<\/div>\n\n\n\n<p>P\u00e4\u00e4hk\u00e4n\u00e4kallion rinteen alla reitti yhtyy Pieneen karhunkierrokseen. Retkeilij\u00e4 voi valita, haluaako kulkea Juumaan Pient\u00e4 karhunkierrosta my\u00f6t\u00e4- tai vastap\u00e4iv\u00e4\u00e4n. Vastap\u00e4iv\u00e4\u00e4n eli Kallioportin kautta kierrett\u00e4ess\u00e4 reitill\u00e4 on Myllykosken riippusilta, Kallioportin n\u00e4k\u00f6alapaikka sek\u00e4 Myllykosken p\u00e4iv\u00e4tupa. My\u00f6t\u00e4p\u00e4iv\u00e4\u00e4n kierrett\u00e4ess\u00e4 matkalle osuu mm. komea Jyr\u00e4v\u00e4n putous, Siilastupa sek\u00e4 Harrisuvannon riippusillat. Reittiosuus p\u00e4\u00e4ttyy Juumaan.<\/p>\n\n\n\n<p><strong>3. p\u00e4iv\u00e4<\/strong><\/p>\n\n\n\n<h5 class=\"wp-block-heading\">Juuma &#8211; Rukatunturi, 24 km (tekstien l\u00e4hde: www.luontoon.fi)<\/h5>\n\n\n\n<div class=\"wp-block-group has-global-padding is-layout-constrained wp-block-group-is-layout-constrained\">\n<figure class=\"wp-block-image size-large is-resized\"><img loading=\"lazy\" decoding=\"async\" width=\"768\" height=\"1024\" src=\"https:\/\/mlfoto.fi\/wp-content\/uploads\/2023\/10\/MLFoto-1010930-768x1024.jpg\" alt=\"\" class=\"wp-image-253\" style=\"aspect-ratio:0.75;width:493px;height:auto\" srcset=\"https:\/\/mlfoto.fi\/wp-content\/uploads\/2023\/10\/MLFoto-1010930-768x1024.jpg 768w, https:\/\/mlfoto.fi\/wp-content\/uploads\/2023\/10\/MLFoto-1010930-225x300.jpg 225w, https:\/\/mlfoto.fi\/wp-content\/uploads\/2023\/10\/MLFoto-1010930-1152x1536.jpg 1152w, https:\/\/mlfoto.fi\/wp-content\/uploads\/2023\/10\/MLFoto-1010930.jpg 1440w\" sizes=\"auto, (max-width: 768px) 100vw, 768px\" \/><\/figure>\n<\/div>\n\n\n\n<p>Juumasta Rukatunturille viev\u00e4 osuus kulkee vaaramaisemissa. Reittiosuuden alku on helppokulkuista mets\u00e4ist\u00e4 maastoa, mutta tunturi- ja vaaraosuuksilla reitti muuttuu vaativaksi. Osuuden ohjeellinen kulkuaika on noin 2 p\u00e4iv\u00e4\u00e4.<\/p>\n\n\n\n<div class=\"wp-block-group has-global-padding is-layout-constrained wp-block-group-is-layout-constrained\">\n<figure class=\"wp-block-image size-large is-resized\"><img loading=\"lazy\" decoding=\"async\" width=\"768\" height=\"1024\" src=\"https:\/\/mlfoto.fi\/wp-content\/uploads\/2023\/10\/MLFoto-1020093-768x1024.jpg\" alt=\"\" class=\"wp-image-254\" style=\"aspect-ratio:0.75;width:488px;height:auto\" srcset=\"https:\/\/mlfoto.fi\/wp-content\/uploads\/2023\/10\/MLFoto-1020093-768x1024.jpg 768w, https:\/\/mlfoto.fi\/wp-content\/uploads\/2023\/10\/MLFoto-1020093-225x300.jpg 225w, https:\/\/mlfoto.fi\/wp-content\/uploads\/2023\/10\/MLFoto-1020093-1152x1536.jpg 1152w, https:\/\/mlfoto.fi\/wp-content\/uploads\/2023\/10\/MLFoto-1020093.jpg 1440w\" sizes=\"auto, (max-width: 768px) 100vw, 768px\" \/><\/figure>\n<\/div>\n\n\n\n<p>Juumasta Porontimajoelle vaeltaminen ei vaadi suurempia ponnisteluja, mutta reitin edetess\u00e4 Kumpuvaaran maisemiin sen vaativuustaso nousee. Osuuden loppupuolella vaeltaja kohtaa Konttaisen ja Valtavaaran. Vaarajonon korkein kohta, Valtavaaran huippu, kohoaa 491 metrin korkeuteen. Vaellus p\u00e4\u00e4ttyy Rukatunturin juurelle, Rukan keskusaukiolle.<\/p>\n\n\n\n<div class=\"wp-block-group has-global-padding is-layout-constrained wp-block-group-is-layout-constrained\">\n<figure class=\"wp-block-image size-large is-resized\"><img loading=\"lazy\" decoding=\"async\" width=\"1024\" height=\"768\" src=\"https:\/\/mlfoto.fi\/wp-content\/uploads\/2023\/10\/MLFoto-1020259-1024x768.jpg\" alt=\"\" class=\"wp-image-255\" style=\"aspect-ratio:1.3333333333333333;width:489px;height:auto\" srcset=\"https:\/\/mlfoto.fi\/wp-content\/uploads\/2023\/10\/MLFoto-1020259-1024x768.jpg 1024w, https:\/\/mlfoto.fi\/wp-content\/uploads\/2023\/10\/MLFoto-1020259-300x225.jpg 300w, https:\/\/mlfoto.fi\/wp-content\/uploads\/2023\/10\/MLFoto-1020259-768x576.jpg 768w, https:\/\/mlfoto.fi\/wp-content\/uploads\/2023\/10\/MLFoto-1020259-1536x1152.jpg 1536w, https:\/\/mlfoto.fi\/wp-content\/uploads\/2023\/10\/MLFoto-1020259-1568x1176.jpg 1568w, https:\/\/mlfoto.fi\/wp-content\/uploads\/2023\/10\/MLFoto-1020259.jpg 1920w\" sizes=\"auto, (max-width: 1024px) 100vw, 1024px\" \/><\/figure>\n<\/div>\n\n\n\n<h5 class=\"wp-block-heading\">YHTEENVETO<\/h5>\n\n\n\n<p><strong>Vaativuusluokka<\/strong>: Keskivaativa reitti\u00a0<br>Reitti\u00e4 hoitavat Mets\u00e4hallitus ja Kuusamon kaupunki.<br><strong>Sijainti:<\/strong> Pohjois-Pohjanmaa ja It\u00e4-Lappi, Kuusamo ja Salla, Oulangan kansallispuisto, Valtavaara-Pyh\u00e4vaara.<br><strong>N\u00e4kemist\u00e4:<\/strong> Oulangan kanjoni, Oulankajoki, Kiutak\u00f6ng\u00e4s, Jyr\u00e4v\u00e4, Kitkajoki, riippusillat.<br><strong>Soveltuvuus:<\/strong> Vaatii perusretkeilytaitoja, soveltuu kaikille retkeilij\u00f6ille, my\u00f6s kokemattomille.<br><strong>Palvelut: <\/strong>Oulangan luontokeskus, Oulangan kansallispuisto leirint\u00e4alue, autio-, p\u00e4iv\u00e4- ja vuokratupia, tulentekopaikkoja, kotia ja laavuja, riippusiltoja, kuivak\u00e4ym\u00e4l\u00f6it\u00e4.<br><strong>Pituus:<\/strong> 82 km (koko kierros), useita lyhyempi\u00e4 reittivaihtoehtoja (18 &#8211; 31 km). Reittimerkint\u00e4n\u00e4\u00a0 oranssit maalimerkit puissa.<br><strong>Retkeilyajat:<\/strong> Kuljettavissa varmimmin 1.6.\u201315.10. Talvisin Oulangan luontokeskukselta Juumaan on mahdollista hiiht\u00e4\u00e4 tai lumikenk\u00e4ill\u00e4. Sesonki hein\u00e4\u2013elokuu, hiljaisinta toukokuun lopussa ja lokakuussa.\u00a0<\/p>\n","protected":false},"excerpt":{"rendered":"<p>Karhunkierros 80 km Suomen suosituin ja kuuluisin vaellusreitti l\u00f6ytyy Kuusamosta. Oulangan kansallispuistossa ja Rukan ymp\u00e4rist\u00f6ss\u00e4 kiert\u00e4v\u00e4lle noin 80 km pituiselle Karhunkierrokselle voi l\u00e4hte\u00e4 joko Hautaj\u00e4rvelt\u00e4 kohti Rukan kyl\u00e4\u00e4 tai toisinp\u00e4in.\u00a0Koko reitin vaeltaminen kest\u00e4\u00e4 3-7 p\u00e4iv\u00e4\u00e4 vaeltajan kunnosta riippuen. Karhunkierrosreitti on merkitty selv\u00e4sti maastoon oranssinv\u00e4risin maalimerkein ja opasteviitoin, joten eksymisvaaraa ei ole. (Pieni Karhunkierros on merkitty [&hellip;]<\/p>\n","protected":false},"author":1,"featured_media":0,"parent":0,"menu_order":0,"comment_status":"closed","ping_status":"closed","template":"","meta":{"footnotes":""},"class_list":["post-209","page","type-page","status-publish","hentry"],"_links":{"self":[{"href":"https:\/\/mlfoto.fi\/index.php\/wp-json\/wp\/v2\/pages\/209","targetHints":{"allow":["GET"]}}],"collection":[{"href":"https:\/\/mlfoto.fi\/index.php\/wp-json\/wp\/v2\/pages"}],"about":[{"href":"https:\/\/mlfoto.fi\/index.php\/wp-json\/wp\/v2\/types\/page"}],"author":[{"embeddable":true,"href":"https:\/\/mlfoto.fi\/index.php\/wp-json\/wp\/v2\/users\/1"}],"replies":[{"embeddable":true,"href":"https:\/\/mlfoto.fi\/index.php\/wp-json\/wp\/v2\/comments?post=209"}],"version-history":[{"count":17,"href":"https:\/\/mlfoto.fi\/index.php\/wp-json\/wp\/v2\/pages\/209\/revisions"}],"predecessor-version":[{"id":277,"href":"https:\/\/mlfoto.fi\/index.php\/wp-json\/wp\/v2\/pages\/209\/revisions\/277"}],"wp:attachment":[{"href":"https:\/\/mlfoto.fi\/index.php\/wp-json\/wp\/v2\/media?parent=209"}],"curies":[{"name":"wp","href":"https:\/\/api.w.org\/{rel}","templated":true}]}}